{"id":627,"date":"2017-03-14T01:02:10","date_gmt":"2017-03-14T01:02:10","guid":{"rendered":"http:\/\/atadvogados.com\/site\/?page_id=627"},"modified":"2017-04-06T17:12:47","modified_gmt":"2017-04-06T20:12:47","slug":"direito-civel","status":"publish","type":"page","link":"https:\/\/atadvogados.com\/site\/direito-civel\/","title":{"rendered":"Direito Civil"},"content":{"rendered":"<p>[vc_row][vc_column][vc_column_text]<\/p>\n<h2>Direito\u00a0Civil<\/h2>\n<p>[\/vc_column_text][\/vc_column][\/vc_row][vc_row][vc_column][vc_column_text]Assessoramento para pessoas f\u00edsicas e jur\u00eddicas, elabora\u00e7\u00e3o de contratos c\u00edveis, responsabilidade civil, rela\u00e7\u00f5es de consumo, posse e propriedade, seguros.[\/vc_column_text][\/vc_column][\/vc_row]<\/p>\n","protected":false},"excerpt":{"rendered":"<p>[vc_row][vc_column][vc_column_text] Direito\u00a0Civil [\/vc_column_text][\/vc_column][\/vc_row][vc_row][vc_column][vc_column_text]Assessoramento para pessoas f\u00edsicas e jur\u00eddicas, elabora\u00e7\u00e3o de contratos c\u00edveis, responsabilidade civil, rela\u00e7\u00f5es de consumo, posse e propriedade, seguros.[\/vc_column_text][\/vc_column][\/vc_row]<\/p>\n","protected":false},"author":1,"featured_media":0,"parent":0,"menu_order":0,"comment_status":"closed","ping_status":"closed","template":"","meta":{"footnotes":""},"_links":{"self":[{"href":"https:\/\/atadvogados.com\/site\/wp-json\/wp\/v2\/pages\/627"}],"collection":[{"href":"https:\/\/atadvogados.com\/site\/wp-json\/wp\/v2\/pages"}],"about":[{"href":"https:\/\/atadvogados.com\/site\/wp-json\/wp\/v2\/types\/page"}],"author":[{"embeddable":true,"href":"https:\/\/atadvogados.com\/site\/wp-json\/wp\/v2\/users\/1"}],"replies":[{"embeddable":true,"href":"https:\/\/atadvogados.com\/site\/wp-json\/wp\/v2\/comments?post=627"}],"version-history":[{"count":3,"href":"https:\/\/atadvogados.com\/site\/wp-json\/wp\/v2\/pages\/627\/revisions"}],"predecessor-version":[{"id":725,"href":"https:\/\/atadvogados.com\/site\/wp-json\/wp\/v2\/pages\/627\/revisions\/725"}],"wp:attachment":[{"href":"https:\/\/atadvogados.com\/site\/wp-json\/wp\/v2\/media?parent=627"}],"curies":[{"name":"wp","href":"https:\/\/api.w.org\/{rel}","templated":true}]}}