{"id":620,"date":"2017-03-14T00:58:40","date_gmt":"2017-03-14T00:58:40","guid":{"rendered":"http:\/\/atadvogados.com\/site\/?page_id=620"},"modified":"2024-05-02T09:51:59","modified_gmt":"2024-05-02T12:51:59","slug":"direito-do-trabalho-e-previdenciario","status":"publish","type":"page","link":"https:\/\/atadvogados.com\/site\/direito-do-trabalho-e-previdenciario\/","title":{"rendered":"Direito do Trabalho e Previdenci\u00e1rio"},"content":{"rendered":"<p>[vc_row][vc_column][vc_column_text]<\/p>\n<h2>Direito do Trabalho e Previdenci\u00e1rio<\/h2>\n<p>[\/vc_column_text][\/vc_column][\/vc_row][vc_row][vc_column][vc_column_text]<\/p>\n<p style=\"text-align: justify;\">Prestamos assessoria a empresas, defesas em reclamat\u00f3rias trabalhistas e a\u00e7\u00f5es envolvendo rela\u00e7\u00f5es de trabalho, representatividade perante os \u00d3rg\u00e3os necess\u00e1rios para medidas necess\u00e1rias e garantias aos direitos e prote\u00e7\u00e3o dos trabalhadores.<\/p>\n<p>[\/vc_column_text][\/vc_column][\/vc_row]<\/p>\n","protected":false},"excerpt":{"rendered":"<p>[vc_row][vc_column][vc_column_text] Direito do Trabalho e Previdenci\u00e1rio [\/vc_column_text][\/vc_column][\/vc_row][vc_row][vc_column][vc_column_text] Prestamos assessoria a empresas, defesas em reclamat\u00f3rias trabalhistas e a\u00e7\u00f5es envolvendo rela\u00e7\u00f5es de trabalho, representatividade perante os \u00d3rg\u00e3os necess\u00e1rios para medidas necess\u00e1rias e garantias aos direitos e prote\u00e7\u00e3o dos trabalhadores. [\/vc_column_text][\/vc_column][\/vc_row]<\/p>\n","protected":false},"author":1,"featured_media":0,"parent":0,"menu_order":0,"comment_status":"closed","ping_status":"closed","template":"","meta":{"footnotes":""},"_links":{"self":[{"href":"https:\/\/atadvogados.com\/site\/wp-json\/wp\/v2\/pages\/620"}],"collection":[{"href":"https:\/\/atadvogados.com\/site\/wp-json\/wp\/v2\/pages"}],"about":[{"href":"https:\/\/atadvogados.com\/site\/wp-json\/wp\/v2\/types\/page"}],"author":[{"embeddable":true,"href":"https:\/\/atadvogados.com\/site\/wp-json\/wp\/v2\/users\/1"}],"replies":[{"embeddable":true,"href":"https:\/\/atadvogados.com\/site\/wp-json\/wp\/v2\/comments?post=620"}],"version-history":[{"count":4,"href":"https:\/\/atadvogados.com\/site\/wp-json\/wp\/v2\/pages\/620\/revisions"}],"predecessor-version":[{"id":835,"href":"https:\/\/atadvogados.com\/site\/wp-json\/wp\/v2\/pages\/620\/revisions\/835"}],"wp:attachment":[{"href":"https:\/\/atadvogados.com\/site\/wp-json\/wp\/v2\/media?parent=620"}],"curies":[{"name":"wp","href":"https:\/\/api.w.org\/{rel}","templated":true}]}}